is the remainder when 1227 is divided by 20?
7
Calculate the remainder when 189 is divided by 105.
84
What is the remainder when 77 is divided by 39?
38
Calculate the remainder when 89 is divided by 20.
9
Calculate the remainder when 139 is divided by 33.
7
What is the remainder when 1182 is divided by 190?
42
What is the remainder when 9128 is divided by 26?
2
Calculate the remainder when 1577 is divided by 10.
7
What is the remainder when 69 is divided by 3?
0
What is the remainder when 77 is divided by 31?
15
What is the remainder when 403 is divided by 49?
11
What is the remainder when 77 is divided by 22?
11
What is the remainder when 176 is divided by 50?
26
What is the remainder when 1527 is divided by 49?
8
Calculate the remainder when 25 is divided by 13.
12
What is the remainder when 572 is divided by 19?
2
What is the remainder when 7945 is divided by 47?
2
Calculate the remainder when 69 is divided by 8.
5
What is the remainder when 527 is divided by 12?
11
What is the remainder when 831 is divided by 9?
3
What is the remainder when 499 is divided by 39?
31
Calculate the remainder when 21 is divided by 4.
1
Calculate the remainder when 110 is divided by 56.
54
What is the remainder when 3184 is divided by 65?
64
What is the remainder when 175 is divided by 59?
57
Calculate the remainder when 42 is divided by 11.
9
What is the remainder when 2953 is divided by 51?
46
Calculate the remainder when 81 is divided by 80.
1
What is the remainder when 1146 is divided by 56?
26
What is the remainder when 427 is divided by 11?
9
Calculate the remainder when 364 is divided by 28.
0
What is the remainder when 155 is divided by 78?
77
Calculate the remainder when 9880 is divided by 41.
40
Calculate the remainder when 61 is divided by 40.
21
What is the remainder when 359 is divided by 107?
38
What is the remainder when 1668 is divided by 8?
4
Calculate the remainder when 1075 is divided by 18.
13
Calculate the remainder when 136 is divided by 19.
3
What is the remainder when 511 is divided by 37?
30
What is the remainder when 139 is divided by 20?
19
Calculate the remainder when 505 is divided by 494.
11
Calculate the remainder when 304 is divided by 103.
98
Calculate the remainder when 330 is divided by 13.
5
Calculate the remainder when 441 is divided by 167.
107
What is the remainder when 119 is divided by 27?
11
What is the remainder when 940 is divided by 86?
80
Calculate the remainder when 86 is divided by 31.
24
What is the remainder when 84 is divided by 9?
3
Calculate the remainder when 1293 is divided by 425.
18
What is the remainder when 987 is divided by 19?
18
What is the remainder when 1546 is divided by 124?
58
What is the remainder when 4661 is divided by 389?
382
What is the remainder when 7467 is divided by 97?
95
What is the remainder when 72 is divided by 17?
4
What is the remainder when 68 is divided by 55?
13
What is the remainder when 954 is divided by 111?
66
Calculate the remainder when 696 is divided by 61.
25
Calculate the remainder when 1518 is divided by 31.
30
What is the remainder when 251 is divided by 85?
81
What is the remainder when 508 is divided by 73?
70
What is the remainder when 383 is divided by 48?
47
Calculate the remainder when 140 is divided by 13.
10
What is the remainder when 463 is divided by 41?
12
Calculate the remainder when 257 is divided by 65.
62
What is the remainder when 350 is divided by 144?
62
What is the remainder when 31871 is divided by 384?
383
What is the remainder when 114 is divided by 34?
12
What is the remainder when 228 is divided by 2?
0
Calculate the remainder when 660 is divided by 325.
10
What is the remainder when 247 is divided by 118?
11
What is the remainder when 1441 is divided by 76?
73
What is the remainder when 163 is divided by 10?
3
What is the remainder when 2010 is divided by 53?
49
What is the remainder when 152 is divided by 3?
2
What is the remainder when 208 is divided by 81?
46
What is the remainder when 3061 is divided by 102?
1
Calculate the remainder when 1069 is divided by 382.
305
Calculate the remainder when 5584 is divided by 164.
8
What is the remainder when 747 is divided by 390?
357
What is the remainder when 173 is divided by 26?
17
What is the remainder when 382 is divided by 16?
14
Calculate the remainder when 3412 is divided by 57.
49
What is the remainder when 1453 is divided by 473?
34
Calculate the remainder when 1616 is divided by 45.
41
Calculate the remainder when 223 is divided by 46.
39
What is the remainder when 226 is divided by 8?
2
Calculate the remainder when 28826 is divided by 127.
124
What is the remainder when 554 is divided by 37?
36
What is the remainder when 475 is divided by 117?
7
What is the remainder when 459 is divided by 155?
149
What is the remainder when 391 is divided by 18?
13
Calculate the remainder when 287 is divided by 61.
43
What is the remainder when 123 is divided by 42?
39
Calculate the remainder when 1489 is divided by 412.
253
Calculate the remainder when 609 is divided by 35.
14
What is the remainder when 45155 is divided by 20?
15
Calculate the remainder when 1691 is divided by 416.
27
What is the remainder when 1253 is divided by 42?
35
Calculate the remainder when 130 is divided by 30.
10
What is the remainder when 105 is divided by 25?
5
What is the remainder when 3314 is divided by 144?
2
Calculate the remainder when 2143 is divided by 39.
37
Calculate the remainder when 664 is divided by 184.
112
Calculate the remainder when 148 is divided by 75.
73
What is the remainder when 472 is divided by 37?
28
What is the remainder when 733 is divided by 705?
28
What is the remainder when 124 is divided by 85?
39
Calculate the remainder when 75 is divided by 21.
12
What is the remainder when 582 is divided by 427?
155
What is the remainder when 4378 is divided by 58?
28
Calculate the remainder when 126 is divided by 41.
3
What is the remainder when 1187 is divided by 539?
109
What is the remainder when 1879 is divided by 8?
7
What is the remainder when 2665 is divided by 443?
7
What is the remainder when 274 is divided by 31?
26
Calculate the remainder when 965 is divided by 8.
5
Calculate the remainder when 349 is divided by 14.
13
What is the remainder when 306 is divided by 33?
9
What is the remainder when 391 is divided by 25?
16
What is the remainder when 4128 is divided by 58?
10
Calculate the remainder when 656 is divided by 9.
8
Calculate the remainder when 657 is divided by 55.
52
What is the remainder when 718 is divided by 90?
88
What is the remainder when 4824 is divided by 284?
280
Calculate the remainder when 99 is divided by 16.
3
Calculate the remainder when 99 is divided by 54.
45
What is the remainder when 607 is divided by 10?
7
Calculate the remainder when 499 is divided by 42.
37
What is the remainder when 3220 is divided by 404?
392
Calculate the remainder when 219 is divided by 21.
9
Calculate the remainder when 99 is divided by 54.
45
Calculate the remainder when 4147 is divided by 83.
80
What is the remainder when 87 is divided by 9?
6
Calculate the remainder when 2600 is divided by 198.
26
What is the remainder when 426 is divided by 54?
48
Calculate the remainder when 990 is divided by 71.
67
Calculate the remainder when 270 is divided by 146.
124
Calculate the remainder when 22046 is divided by 17.
14
What is the remainder when 210 is divided by 61?
27
Calculate the remainder when 505 is divided by 67.
36
What is the remainder when 91 is divided by 25?
16
What is the remainder when 378 is divided by 76?
74
What is the remainder when 116 is divided by 11?
6
Calculate the remainder when 41 is divided by 7.
6
Calculate the remainder when 366 is divided by 79.
50
Calculate the remainder when 287 is divided by 36.
35
What is the remainder when 2676 is divided by 141?
138
Calculate the remainder when 823 is divided by 61.
30
What is the remainder when 1036 is divided by 10?
6
Calculate the remainder when 909 is divided by 16.
13
What is the remainder when 843 is divided by 166?
13
What is the remainder when 14 is divided by 6?
2
What is the remainder when 820 is divided by 93?
76
What is the remainder when 2442 is divided by 188?
186
What is the remainder when 109 is divided by 2